
2, 3
Let r = -2 - 3. List the prime factors of 52/(-65) + (-234)/r.
2, 23
Suppose -3*x + 2*x = -5*a - 191, -5*x + 928 = 2*a. Suppose f - 83 = -4*t, f - x = -f - 3*t. Let d = -27 + f. What are the prime factors of d?
2, 3
Suppose -4*a + 38 = 2*d, 2*a - 5*a - d = -28. Let j be 33/a + (-3)/(-9). Suppose -3*u - 1 = j*o - 45, -4*u + 44 = -2*o. What are the prime factors of u?
2, 3
Let h = 7 - -13. Suppose -2*w + 477 = -2*k + 7*k, 473 = 5*k - 2*w. Suppose h = 5*j - k. List the prime factors of j.
23
Let g(t) be the second derivative of -t**4/12 + 5*t**3/2 - 5*t**2 - 2*t. List the prime factors of g(5).
2, 5
Let q be ((-6)/(-2))/((-12)/(-16)). Suppose 0 = 4*t - f - 3*f - 136, 0 = -q*f + 8. Suppose t = 2*c - 6*n + 4*n, 5*c = -2*n + 69. List the prime factors of c.
3, 5
Let d(p) = -p**3 + 3*p**2 + 4*p - 5. Let s(u) = u**2 - 1. Let g(l) = d(l) + 6*s(l). Let y be g(9). Suppose -3 = f - y. What are the prime factors of f?
2, 11
Suppose 0 = -2*u - 3*u + 15. Suppose 0 = c - 5*b - 27, 0*c - c - u*b + 35 = 0. What are the prime factors of c?
2
Let i be 10/6*3 - 2. Let d be 3 - (6 - i - -13). Let k = 22 + d. What are the prime factors of k?
3
Let t be 1 + 8/4 + 1. Suppose t*s + 296 = 4*n, 4*n - 82 = 3*s + 136. Let i = -34 - s. What are the prime factors of i?
2, 11
Let d(k) = k**2 + 2*k + 260. Let t be d(0). Suppose 20*v - 25*v + t = 0. What are the prime factors of v?
2, 13
Let w be 4*(180/16)/9. Suppose w*y - 3*y + 12 = 0. What are the prime factors of ((-4)/y)/(4/66)?
11
Let f(d) be the second derivative of 7*d**3/2 - d**2/2 - 2*d. What are the prime factors of f(1)?
2, 5
Let q = 48 - 44. Suppose q*m - 88 = 32. What are the prime factors of m?
2, 3, 5
Let h = 9 - 5. Suppose 6*x - 2*x = -2*g + 16, 4*g + 28 = h*x. Suppose -r + x = -1. What are the prime factors of r?
2, 3
Let h be (-40)/16*(-7)/((-105)/(-18)). Suppose h*b + 7*b = 2480. List the prime factors of b.
2, 31
Suppose 0 = u - 19*d + 15*d - 1670, -5*d - 6724 = -4*u. What are the prime factors of u?
2, 3, 281
Let n(g) = 3*g**2 + g + 1. Let s be n(-1). Suppose 5*b - 3*k = 342, b = -s*k + 34 + 38. List the prime factors of b.
3, 23
Let b(c) = 3*c + 25. Let q(p) = p + 1. Let z(g) = b(g) - 4*q(g). List the prime factors of z(8).
13
What are the prime factors of 4 + ((-8485)/(-25) - 8/20)?
7
Suppose 15*f - 9*f - 24 = 0. What are the prime factors of (-19)/(((-14)/28)/(2/f))?
19
Suppose -2*a = -a - 27. Let b(c) = 14*c**2 + 1. Let d be b(-2). Suppose -2*i + a = -d. What are the prime factors of i?
2, 3, 7
Let u = 5513 - 2221. What are the prime factors of u?
2, 823
Let s be (68/(-5))/((-4)/20). Suppose 3*h + 5*x - s = 0, -h + 34 = -3*x - x. List the prime factors of h.
2, 13
Let w = 29 + -21. Let h = -4 + w. Let l = h - 2. List the prime factors of l.
2
Suppose -2286 = -64*a + 55*a. What are the prime factors of a?
2, 127
Let v be 4 - 2/6*6. Suppose 0 = 2*h + b + 186, 2*h - h = -v*b - 96. Let t = h - -133. List the prime factors of t.
41
List the prime factors of -31 + 34 - 3/((-3)/2747).
2, 5, 11
Suppose 0 = t + 28 - 18. What are the prime factors of 37/5 - (-4)/t?
7
Let u = 228 + -122. Let b(w) = -9*w**2 + 3*w. Let c be b(3). Let v = u + c. What are the prime factors of v?
2, 17
Let g = -34 + 4. Let l be (-12)/g + (-184)/10. What are the prime factors of (-10)/45 - 94/l?
5
Suppose 6*s - 53 = s - m, 23 = 2*s + m. Let z = 12 - s. What are the prime factors of z?
2
Let q(u) = -130*u - 9. Let d be q(-4). Suppose -5*m = -12*m + d. List the prime factors of m.
73
Let n be -44*((-21)/(-6) + -3). What are the prime factors of n/8*(-14 + 10)?
11
Let f(h) = h**3 - 15*h**2 - h - 7. Let q be f(15). Let w = q + 89. List the prime factors of w.
67
Suppose -m - m = 12. Let f = -42 - -15. List the prime factors of m/f - (-187)/9.
3, 7
Suppose -9*t + 8*t + 382 = -r, 4*t - 1522 = 2*r. List the prime factors of t.
379
Let l = -79 - -56. List the prime factors of -4 - (l - (-2 + 5)).
2, 11
Let p be 1/2*4*1. Suppose 0 = -a + p + 2. Suppose 0 = a*c - 0*c - 12. List the prime factors of c.
3
Let t(p) = -58*p + 5. List the prime factors of t(-3).
179
Suppose -3*j - 2697 = -b, -6*j = 8*b - 7*b - 2697. What are the prime factors of b?
3, 29, 31
Suppose -2*o - 15 = 11. Let u(r) be the third derivative of -r**6/120 - 13*r**5/60 - r**4/6 + 4*r**3/3 + 14*r**2. What are the prime factors of u(o)?
2, 3, 5
Suppose i + 13 = 9. What are the prime factors of 6/(-2) + i/((-8)/94)?
2, 11
Suppose -7*t + 4*t - 9 = 0. Let v be (t + 8)/(2/4). Let f(o) = o**2 - 7*o - 12. List the prime factors of f(v).
2, 3
Suppose -9*t + 297 = -873. What are the prime factors of t?
2, 5, 13
Suppose 0 = -2*s + 2 + 18. Suppose -2*j = s, -z + 6*z = -5*j + 830. List the prime factors of z.
3, 19
Suppose -f + 35 = 101. Let l = -22 - f. List the prime factors of l.
2, 11
Let g = 1241 + 707. List the prime factors of g.
2, 487
Let j(s) be the second derivative of -s**4/6 - 5*s**2/2 + 8*s. Let w be j(-4). Let n = w - -74. What are the prime factors of n?
37
Let k be 10/40 - (-19)/4. Suppose k*p - 1415 = -475. What are the prime factors of (p/6)/(2/3)?
47
Let h(g) be the third derivative of g**5/60 + g**3/6 - 3*g**2. Let f(w) = w + 2. Let a be f(0). List the prime factors of h(a).
5
Suppose -2*d = j + j - 2470, -4*d = -2*j + 2482. List the prime factors of j.
1237
Let f = 109 + 0. What are the prime factors of ((-15)/(-3) - 1) + f?
113
What are the prime factors of (0 - 952/(-6)) + (-14)/21?
2, 79
Let h be ((-4)/6)/((-5)/(-30)). Let d = 32 + h. List the prime factors of d.
2, 7
Suppose -2*h + 3*n = -3*h + 194, 0 = 5*n + 15. List the prime factors of h.
7, 29
Suppose 0*r + 5*r = -20, 5*t + 2*r + 3 = 0. List the prime factors of 12/(-18)*120*t*-1.
2, 5
Let k(b) = 82*b**2 + 22*b - 18. Let u(j) = 33*j**2 + 9*j - 7. Let x(g) = 5*k(g) - 12*u(g). List the prime factors of x(2).
2, 3
Suppose 0 = -3*n - 2*n + 170. What are the prime factors of n?
2, 17
Suppose 0*q + 4*q = -3*p - 24, 0 = 2*p - 3*q - 1. List the prime factors of (p + 19)/5 - -178.
181
Let z = 808 + -422. List the prime factors of z.
2, 193
What are the prime factors of (1941/(-4))/(55/(-20) + 2)?
647
Let k = 256 - 149. What are the prime factors of k?
107
Let q(t) = 41*t**3 - 11*t**2 + 7*t - 5. Let u(h) = 61*h**3 - 16*h**2 + 11*h - 7. Let j(y) = -7*q(y) + 5*u(y). What are the prime factors of j(2)?
2, 3
Let z(j) = j**3 - 4*j**2 - 7*j + 10. Let v be z(5). Let s be (v/(-3) - 0) + 1. Let l(r) = 27*r**2 - 2*r. What are the prime factors of l(s)?
5
Let d(t) = -4*t**2 - t - 2. Let h be d(-1). Let q(s) = -s**3 - 4*s**2 - 4*s + 1. List the prime factors of q(h).
2, 23
Let c(u) = -u**3 + 6*u**2 - 2*u + 1. Let p be c(5). Let l = p + -13. Suppose 4*o = 4*z + 100, 0 = 3*z - 9 - l. What are the prime factors of o?
29
Let h(a) = 3*a - 43*a + 7*a. List the prime factors of h(-2).
2, 3, 11
Let q(h) = -h - 5. Let l be q(-8). Suppose -u - l*u = -240. Let t = 100 - u. What are the prime factors of t?
2, 5
Let s(b) = -14*b**2 - 42*b + 35. Let l(h) = 5*h**2 + 14*h - 12. Let r(a) = -17*l(a) - 6*s(a). List the prime factors of r(13).
7
Let p be (-2)/3 - (-7)/(42/4). Suppose p = 5*l - l - 376. List the prime factors of l.
2, 47
Let g = -6 + 0. List the prime factors of g/((-50)/15 - -3).
2, 3
Let b(o) = -o**2 + 9*o + 12. Let w be b(9). Suppose w*t + 141 = 15*t. What are the prime factors of t?
47
Let q be ((-8)/(-5))/((-18)/(-3735)). Suppose 7*k - 3*k - q = 0. List the prime factors of k.
83
Let b be (-1)/(-3) + (-1)/3. Suppose b = s + 12 + 21. Let t = s + 64. What are the prime factors of t?
31
List the prime factors of 46/92 + (-7566)/(-4).
2, 11, 43
Suppose 6*s - 87 - 111 = 0. List the prime factors of s/11 + 2*35.
73
Let d(a) be the third derivative of a**5/60 + a**4/3 - 2*a**3/3 - 12*a**2. What are the prime factors of d(-9)?
5
Suppose 0 = 2*p + 5*b - 1837, 3*b - 497 - 422 = -p. List the prime factors of p.
2, 229
Let w(z) = -3*z - 3 - 2*z + z**2 + 1. Suppose -25*c - 120 = -c. List the prime factors of w(c).
2, 3
Let u(w) = w**3 + 3*w**2 + 5*w + 4. Let z be u(-5). Let r = 130 + z. What are the prime factors of r?
59
Let m(t) = 2*t**2 - 7*t + 1. Suppose 26 = -0*z + 5*z + 2*h, 2*h = 3*z - 6. Let s be m(z). What are the prime factors of (-2 - -7)/(s/70)?
2, 5, 7
Let l = -1612 + 2745. List the prime factors of l.
11, 103
Let d = -45 